{"id":10391,"date":"2026-07-20T09:49:51","date_gmt":"2026-07-20T07:49:51","guid":{"rendered":"https:\/\/espeltviticultors.com\/?page_id=10391"},"modified":"2026-07-24T12:13:43","modified_gmt":"2026-07-24T10:13:43","slug":"enoturismo","status":"publish","type":"page","link":"https:\/\/espeltviticultors.com\/es\/enoturismo\/","title":{"rendered":"Enoturisme"},"content":{"rendered":"","protected":false},"excerpt":{"rendered":"","protected":false},"author":2,"featured_media":9050,"parent":0,"menu_order":0,"comment_status":"closed","ping_status":"closed","template":"","meta":{"footnotes":""},"class_list":["post-10391","page","type-page","status-publish","has-post-thumbnail","hentry"],"yoast_head":"<!-- This site is optimized with the Yoast SEO plugin v28.4 - https:\/\/yoast.com\/product\/yoast-seo-wordpress\/ -->\n<title>Enoturisme - Espelt Viticultores<\/title>\n<meta name=\"description\" content=\"Vine a con\u00e8ixer-nos, a tocar les vinyes i entendre perqu\u00e8 estimem l&#039;Empord\u00e0 i fem els vins en profunda harmonia amb el nostre territori.\" \/>\n<meta name=\"robots\" content=\"noindex, nofollow\" \/>\n<meta property=\"og:locale\" content=\"es_ES\" \/>\n<meta property=\"og:type\" content=\"article\" \/>\n<meta property=\"og:title\" content=\"Enoturisme - Espelt Viticultores\" \/>\n<meta property=\"og:description\" content=\"Vine a con\u00e8ixer-nos, a tocar les vinyes i entendre perqu\u00e8 estimem l&#039;Empord\u00e0 i fem els vins en profunda harmonia amb el nostre territori.\" \/>\n<meta property=\"og:url\" content=\"https:\/\/espeltviticultors.com\/es\/enoturismo\/\" \/>\n<meta property=\"og:site_name\" content=\"Espelt Viticultores\" \/>\n<meta property=\"article:publisher\" content=\"https:\/\/www.facebook.com\/espelt.viticultors\" \/>\n<meta property=\"article:modified_time\" content=\"2026-07-24T10:13:43+00:00\" \/>\n<meta property=\"og:image\" content=\"https:\/\/espeltviticultors.com\/wp-content\/uploads\/2024\/07\/POSTASOL-BALCOMMS-e1759246527868.jpg\" \/>\n\t<meta property=\"og:image:width\" content=\"1204\" \/>\n\t<meta property=\"og:image:height\" content=\"1600\" \/>\n\t<meta property=\"og:image:type\" content=\"image\/jpeg\" \/>\n<meta name=\"twitter:card\" content=\"summary_large_image\" \/>\n<meta name=\"twitter:site\" content=\"@CellerEspelt\" \/>\n<!-- \/ Yoast SEO plugin. -->","yoast_head_json":{"title":"Enoturisme - Espelt Viticultores","description":"Vine a con\u00e8ixer-nos, a tocar les vinyes i entendre perqu\u00e8 estimem l'Empord\u00e0 i fem els vins en profunda harmonia amb el nostre territori.","robots":{"index":"noindex","follow":"nofollow"},"og_locale":"es_ES","og_type":"article","og_title":"Enoturisme - Espelt Viticultores","og_description":"Vine a con\u00e8ixer-nos, a tocar les vinyes i entendre perqu\u00e8 estimem l'Empord\u00e0 i fem els vins en profunda harmonia amb el nostre territori.","og_url":"https:\/\/espeltviticultors.com\/es\/enoturismo\/","og_site_name":"Espelt Viticultores","article_publisher":"https:\/\/www.facebook.com\/espelt.viticultors","article_modified_time":"2026-07-24T10:13:43+00:00","og_image":[{"width":1204,"height":1600,"url":"https:\/\/espeltviticultors.com\/wp-content\/uploads\/2024\/07\/POSTASOL-BALCOMMS-e1759246527868.jpg","type":"image\/jpeg"}],"twitter_card":"summary_large_image","twitter_site":"@CellerEspelt","schema":{"@context":"https:\/\/schema.org","@graph":[{"@type":"WebPage","@id":"https:\/\/espeltviticultors.com\/es\/enoturismo\/","url":"https:\/\/espeltviticultors.com\/es\/enoturismo\/","name":"Enoturisme - Espelt Viticultores","isPartOf":{"@id":"https:\/\/espeltviticultors.com\/es\/#website"},"primaryImageOfPage":{"@id":"https:\/\/espeltviticultors.com\/es\/enoturismo\/#primaryimage"},"image":{"@id":"https:\/\/espeltviticultors.com\/es\/enoturismo\/#primaryimage"},"thumbnailUrl":"https:\/\/espeltviticultors.com\/wp-content\/uploads\/2024\/07\/POSTASOL-BALCOMMS-e1759246527868.jpg","datePublished":"2026-07-20T07:49:51+00:00","dateModified":"2026-07-24T10:13:43+00:00","description":"Vine a con\u00e8ixer-nos, a tocar les vinyes i entendre perqu\u00e8 estimem l'Empord\u00e0 i fem els vins en profunda harmonia amb el nostre territori.","breadcrumb":{"@id":"https:\/\/espeltviticultors.com\/es\/enoturismo\/#breadcrumb"},"inLanguage":"es","potentialAction":[{"@type":"ReadAction","target":["https:\/\/espeltviticultors.com\/es\/enoturismo\/"]}]},{"@type":"ImageObject","inLanguage":"es","@id":"https:\/\/espeltviticultors.com\/es\/enoturismo\/#primaryimage","url":"https:\/\/espeltviticultors.com\/wp-content\/uploads\/2024\/07\/POSTASOL-BALCOMMS-e1759246527868.jpg","contentUrl":"https:\/\/espeltviticultors.com\/wp-content\/uploads\/2024\/07\/POSTASOL-BALCOMMS-e1759246527868.jpg","width":1204,"height":1600,"caption":"winetourism rosas"},{"@type":"BreadcrumbList","@id":"https:\/\/espeltviticultors.com\/es\/enoturismo\/#breadcrumb","itemListElement":[{"@type":"ListItem","position":1,"name":"Portada","item":"https:\/\/espeltviticultors.com\/es\/tienda-espelt\/"},{"@type":"ListItem","position":2,"name":"Enoturisme"}]},{"@type":"WebSite","@id":"https:\/\/espeltviticultors.com\/es\/#website","url":"https:\/\/espeltviticultors.com\/es\/","name":"Espelt Viticultors","description":"Vinos del Empord\u00e0 i enoturismo","publisher":{"@id":"https:\/\/espeltviticultors.com\/es\/#organization"},"potentialAction":[{"@type":"SearchAction","target":{"@type":"EntryPoint","urlTemplate":"https:\/\/espeltviticultors.com\/es\/?s={search_term_string}"},"query-input":{"@type":"PropertyValueSpecification","valueRequired":true,"valueName":"search_term_string"}}],"inLanguage":"es"},{"@type":"Organization","@id":"https:\/\/espeltviticultors.com\/es\/#organization","name":"Espelt Viticultors - tienda online","url":"https:\/\/espeltviticultors.com\/es\/","logo":{"@type":"ImageObject","inLanguage":"es","@id":"https:\/\/espeltviticultors.com\/es\/#\/schema\/logo\/image\/","url":"https:\/\/espeltviticultors.com\/wp-content\/uploads\/2021\/02\/logo_color_trasparent.png","contentUrl":"https:\/\/espeltviticultors.com\/wp-content\/uploads\/2021\/02\/logo_color_trasparent.png","width":818,"height":272,"caption":"Espelt Viticultors - tienda online"},"image":{"@id":"https:\/\/espeltviticultors.com\/es\/#\/schema\/logo\/image\/"},"sameAs":["https:\/\/www.facebook.com\/espelt.viticultors","https:\/\/x.com\/CellerEspelt","https:\/\/www.instagram.com\/cellerespelt\/"]}]}},"_links":{"self":[{"href":"https:\/\/espeltviticultors.com\/es\/wp-json\/wp\/v2\/pages\/10391","targetHints":{"allow":["GET"]}}],"collection":[{"href":"https:\/\/espeltviticultors.com\/es\/wp-json\/wp\/v2\/pages"}],"about":[{"href":"https:\/\/espeltviticultors.com\/es\/wp-json\/wp\/v2\/types\/page"}],"author":[{"embeddable":true,"href":"https:\/\/espeltviticultors.com\/es\/wp-json\/wp\/v2\/users\/2"}],"replies":[{"embeddable":true,"href":"https:\/\/espeltviticultors.com\/es\/wp-json\/wp\/v2\/comments?post=10391"}],"version-history":[{"count":5,"href":"https:\/\/espeltviticultors.com\/es\/wp-json\/wp\/v2\/pages\/10391\/revisions"}],"predecessor-version":[{"id":10428,"href":"https:\/\/espeltviticultors.com\/es\/wp-json\/wp\/v2\/pages\/10391\/revisions\/10428"}],"wp:featuredmedia":[{"embeddable":true,"href":"https:\/\/espeltviticultors.com\/es\/wp-json\/wp\/v2\/media\/9050"}],"wp:attachment":[{"href":"https:\/\/espeltviticultors.com\/es\/wp-json\/wp\/v2\/media?parent=10391"}],"curies":[{"name":"wp","href":"https:\/\/api.w.org\/{rel}","templated":true}]}}

<!-- This site is optimized with the Yoast SEO plugin v28.4 - https://yoast.com/product/yoast-seo-wordpress/ -->
<title>Enoturisme - Espelt Viticultores</title>
<meta name="description" content="Vine a conèixer-nos, a tocar les vinyes i entendre perquè estimem l&#039;Empordà i fem els vins en profunda harmonia amb el nostre territori." />
<meta name="robots" content="noindex, nofollow" />
<meta property="og:locale" content="es_ES" />
<meta property="og:type" content="article" />
<meta property="og:title" content="Enoturisme - Espelt Viticultores" />
<meta property="og:description" content="Vine a conèixer-nos, a tocar les vinyes i entendre perquè estimem l&#039;Empordà i fem els vins en profunda harmonia amb el nostre territori." />
<meta property="og:url" content="https://espeltviticultors.com/es/enoturismo/" />
<meta property="og:site_name" content="Espelt Viticultores" />
<meta property="article:publisher" content="https://www.facebook.com/espelt.viticultors" />
<meta property="article:modified_time" content="2026-07-24T10:13:43+00:00" />
<meta property="og:image" content="https://espeltviticultors.com/wp-content/uploads/2024/07/POSTASOL-BALCOMMS-e1759246527868.jpg" />
	<meta property="og:image:width" content="1204" />
	<meta property="og:image:height" content="1600" />
	<meta property="og:image:type" content="image/jpeg" />
<meta name="twitter:card" content="summary_large_image" />
<meta name="twitter:site" content="@CellerEspelt" />
<!-- / Yoast SEO plugin. -->

Vine a conèixer-nos, a tocar les vinyes i entendre perquè estimem l'Empordà i fem els vins en profunda harmonia amb el nostre territori.

Vinos del Empordà i enoturismo
